148 = 0. What is the remainder when w is divided by 107?
39
Suppose 0 = 247*j - 260*j + 127803. Suppose -59*x + j = -30*x. Calculate the remainder when x is divided by 86.
81
Suppose -3*c + 155*k - 151*k + 397 = 0, -k = 7. What is the remainder when 973 is divided by c?
112
Let r(d) = -4*d - 18 + 14*d**2 - 13*d**2 + 0*d**2. Suppose -j + 24 = j. What is the remainder when r(-7) is divided by j?
11
Let i(b) = -b**2 - 36*b - 86. Calculate the remainder when 568 is divided by i(-3).
9
Let v(m) = 5264*m + 47450. Calculate the remainder when v(-9) is divided by 6*(1 + (-16)/(-6)).
8
Let o = -187 + 288. Suppose 8*w = o + 27. What is the remainder when (58/(-8))/(1/(-4)) is divided by w?
13
Suppose -4*b - 27 = 3*o, -4*b - 2*o + 6*o + 8 = 0. Let p(x) = -x - 1. Let u be p(b). Suppose -252 = -2*d - u*d. What is the remainder when d is divided by 23?
17
Let n be (90/(-20))/((-1)/((-24)/9)). Calculate the remainder when n/(-6 - -3) - -22 is divided by 2.
0
Suppose 0 = -121*z + 105*z + 5312. Calculate the remainder when z is divided by 17.
9
Let m = -133 - 71. Let s = m + 333. What is the remainder when s is divided by 33?
30
Let q(r) = 85*r - 37 + 93*r - 173*r. What is the remainder when q(29) is divided by 52?
4
Suppose 0 = -y - 9 + 33. Suppose 5*k - 109 = -5*q - 19, 4*q - 82 = -2*k. Suppose 7*l - 210 = -q*l. What is the remainder when y is divided by l?
3
Let v = 922 - 398. Calculate the remainder when v is divided by 44.
40
Let x = 267 - 193. Suppose -3*k + x = 65. What is the remainder when 9 is divided by k?
0
Let n(d) be the third derivative of d**5/60 - d**4/6 - 5*d**3/3 - 6*d**2. Calculate the remainder when n(8) is divided by (6/9)/(-1) + 20/3.
4
Let x = 13 + -9. Let k be 4/(-6) - -4*x/(-48). Let a(b) = -36*b**3 + 2*b**2 + 3*b + 2. Calculate the remainder when a(k) is divided by 13.
11
Let s be ((-2)/5)/2 + 96/30. Suppose -37 = -5*f + s*y + 78, -2*f - 2*y + 46 = 0. Calculate the remainder when f is divided by 4.
3
Suppose 988 = 5*u + 2*w, 3*u + 2634*w - 618 = 2630*w. Let n(g) = -8*g + 2. What is the remainder when u is divided by n(-2)?
14
Let n(l) = -1889*l - 5546. What is the remainder when 2899 is divided by n(-3)?
116
Suppose -6*p - 6000 = -9*p - 7*p. Calculate the remainder when p is divided by 272.
56
Let o = -19 + 21. Suppose -342 = -3*z + 144. Calculate the remainder when z is divided by o/(-4) - (-166)/4.
39
Let h(x) = 31*x - 10. Let w be h(10). Suppose -4*i = -5*f - w, -f - 375 = -5*i - 4*f. Suppose -5*j = -64 - 1. Calculate the remainder when i is divided by j.
10
Let v = -40 + 9. Let z = 44 + v. Calculate the remainder when 58 is divided by 271/z + 4/26.
16
Let c(v) = 20*v**2 + 102*v + 210. What is the remainder when c(-2) is divided by 23?
17
Let i(q) = 219*q - 248. Let d be i(7). Suppose -1284*h + d*h = 18. Calculate the remainder when 106 is divided by h.
16
Let j(x) = 2*x**3 - 2*x**2 + x + 3. Let q be j(3). Let h = -675908 + 675989. What is the remainder when h is divided by (0 + 1)/(2/q)?
18
Let d(v) = 2*v**2 - 1. Suppose 100*k - 5286 = 2614. Suppose -71*x - 504 = -k*x. Calculate the remainder when x is divided by d(-3).
12
Let d(r) = 2*r**3 - 81*r**2 - 40*r - 12. Calculate the remainder when 2899 is divided by d(41).
28
What is the remainder when 435 is divided by 1562/33 + (-45)/(-27) + (-1 - -4)?
19
Let z(v) = -v**2 + 14*v + 5. Let t be z(13). Suppose -t = -w + 18. Suppose -u = -4*u + w. What is the remainder when 38 is divided by u?
2
Let w(a) = 4*a**2 + 7*a - 5. Let x(c) = 2*c**2 - 3*c + 10. Let h be x(4). Calculate the remainder when w(-6) is divided by ((-14)/(-42))/(4/h)*10.
22
Let u(g) be the third derivative of -g**4/3 + 3*g**3/2 + 2*g**2 - 53*g. Calculate the remainder when 18 is divided by u(0).
0
Let a = -2356 - -2508. What is the remainder when 7295 is divided by a?
151
Suppose 4*p + v = 179, -p = -4*v - 48 - 1. What is the remainder when p is divided by (-40)/(-15)*9/2?
9
Suppose -550*n + 298557 = 119257. Calculate the remainder when 901 is divided by n.
249
Suppose 2*u = -3*f - 804 + 876, 2*f = -2*u + 66. What is the remainder when 1855 is divided by u?
19
Let r be 9 + 2260/(3 - -1). Let c = r + 166. Calculate the remainder when c is divided by 13.
12
Suppose -4*m + 32585 = 31*m. Calculate the remainder when m is divided by 12.
7
Let d be 1/4 + (-2095)/(-20). Let u = -68 + d. What is the remainder when 52 is divided by u?
15
Let w(g) = 21*g**2 - 10*g + 3. What is the remainder when 547 is divided by w(-2)?
12
Suppose 0 = -u - i + 519, -4*u - u + 4*i = -2568. Suppose 23*x = 26*x - u. Calculate the remainder when x is divided by 35.
32
Suppose -6*n + 18 = -0*n. Suppose -9*g + 4*q + 23 = -8*g, 4*q = n*g - 37. Calculate the remainder when 552 is divided by g.
6
What is the remainder when (-1)/1*(1 - (1530 + -12)) + -6 is divided by 37?
31
Let m = -2769 + 2924. Calculate the remainder when m is divided by 67.
21
Suppose 16*v - 18*v = j - 675, 0 = -3*v - 5*j + 1009. What is the remainder when v is divided by 325?
13
Suppose -5*t - 5*u + 1380 = 0, 0 = 3*t + 4*u - 568 - 261. Calculate the remainder when t is divided by 8.
3
Suppose -4*d + 27*d - 1909 = 0. Suppose -d*a + 162 = -79*a - 5*c, 5*c + 124 = 3*a. Calculate the remainder when a is divided by 35.
3
Let w(l) = 14*l - 48. Let b be w(4). What is the remainder when (-15)/(-3) + -3 - -204 is divided by 2*26/b*984/123?
50
Let c = -2 - -5. Suppose 0 = c*h + 3 + 3. Calculate the remainder when 27 is divided by (15/5 - h/(-1))*16.
11
Calculate the remainder when ((-8)/(-10))/((128/1160)/16) is divided by 41.
34
Let c(h) = -2308*h - 74. What is the remainder when c(-1) is divided by 52?
50
Let t = -270 - -275. Let h(o) = 3*o**2 - 6*o - 26. Calculate the remainder when 208 is divided by h(t).
18
Let a = 47 + 8. Let s(q) = -12*q - 31. Let z be s(-3). Suppose 46 = 2*i - 2*w, -2*i + z*w + 31 = -0*i. What is the remainder when a is divided by i?
27
Suppose 0 = -i, 4*i - 6 + 4 = -k. Suppose 321 = k*h - 4*w + 67, -w = 4. What is the remainder when h is divided by 15?
14
Suppose 3*q + 613 = d, -15*d + 7176 = 2*q - 1596. What is the remainder when d is divided by 19?
16
Suppose -4*x - 18 = 3*v, -v + x - 1 + 2 = 0. Let m be -1 - (v/(-4) - 366/4). Let c = m + -47. What is the remainder when c is divided by 9?
7
Let l = 19787 + -19636. Calculate the remainder when l is divided by 68.
15
Suppose 0 = -72*y + 70*y + 120. Suppose 15*r - 9*r = y. Suppose 3*x - r = k, -x + k - 3 = -7. Calculate the remainder when x is divided by 2.
1
Suppose -99495 = 94*g - 161*g. Calculate the remainder when g is divided by 124.
121
Suppose -28*l - 3*l = 2020 - 24774. Calculate the remainder when l is divided by 241.
11
Let o = -152 - -158. Let r = 30 - 60. What is the remainder when -2*(-1 + 2) - r is divided by o?
4
Suppose n + 22907 = -5*t, 0*t - 3*t = 3*n + 13749. Suppose -268 - 12 = -14*a. Calculate the remainder when t/(-33) - 8/(-44) is divided by a.
19
Suppose 4*m - 92 = 4*t, 27*m = 26*m - 3*t + 27. Let h = -13 + m. What is the remainder when h is divided by 4?
3
Let p = -28366 - -29383. Calculate the remainder when p is divided by 53.
10
Suppose -30 + 19 = -s. Calculate the remainder when 4 + (-7)/((-35)/300) is divided by s.
9
Suppose 3*m = 5*m + 3*l, -2*m = -4*l + 14. Let d(n) = -6*n - 10. Calculate the remainder when d(-10) is divided by (-10)/30*m*14.
8
Let v = -849 - -1511. Suppose -2*g = -3*h - 480, -5*g - v = 4*h + 1. What is the remainder when h/(-4) - (-6)/(-12) is divided by 11?
7
Suppose -2*r = -2*b + 5*b - 71, r - 3*b = 67. What is the remainder when 4501 is divided by r?
39
What is the remainder when 5709/7612 - ((-2901)/4)/1 is divided by 699?
27
Let p(g) = g**3 + 17*g**2 - 38*g - 121. What is the remainder when p(-13) is divided by 116?
5
Suppose 0 = 4*s - 34 - 150. Suppose 2*w = 3*n + 8, 2*n = 2*w + 3*n. What is the remainder when s/1 + (-3 + w - -4) is divided by 10?
8
Let x(f) = 22*f**2 - 1. Let a = -16 - -7. Let z be ((-3)/(-4))/(a/(-12)). Calculate the remainder when 59 is divided by x(z).
17
Let t = 778 + -790. Calculate the remainder when (-5)/1 - 6/(t/134) is divided by 16.
14
Suppose 4*p - 2*k = 68, 2*p - 4*k = -2*k + 32. Let d(r) = r + 11. What is the remainder when d(10) is divided by 1*p/(-6)*(-14)/6?
0
Suppose 75 = -4*i + 195. Let u = 32 - i. Suppose w + 27 = u*w. Cal